).
4
Let r(w) = -w**3 - 5*w**2 + w + 4. What is r(-5)?
-1
Let u(c) = -14*c + 1. What is u(1)?
-13
Let g(m) = -m**2 - 7*m - 1. Give g(-5).
9
Let p(t) = -t**2 + 5*t + 6. Calculate p(7).
-8
Let g(b) = b**3 - 17*b**2 - 15*b + 25. Determine g(18).
79
Let o(w) = -2*w**2 - 11. Calculate o(6).
-83
Let b(s) = 3*s**3 - 8*s**2 + s - 3. What is b(3)?
9
Let h(c) = c**2 + 18*c + 43. Give h(-8).
-37
Let y(n) = 2*n**3 + 10*n**2 + 10*n - 2. Calculate y(-4).
-10
Let f(h) = h**2 + 6*h + 5. Give f(-5).
0
Let y(j) = -23*j - 146. Give y(-6).
-8
Let g(r) = r**3 - 25*r**2 + 140*r + 60. Give g(16).
-4
Let l(c) = 11*c - 181. Give l(13).
-38
Let h(p) = -p - 1. Give h(0).
-1
Let f(g) = g**2 + 12*g - 160. What is f(-19)?
-27
Let v(u) = -u**3 - 2*u**2 + 3*u + 2. Determine v(-2).
-4
Let j(k) = k**3 - 14*k**2 + 12*k + 10. Give j(13).
-3
Let v(k) = 6*k + 54. Give v(-8).
6
Let i(s) = s**2 - s + 24. Calculate i(0).
24
Let w(q) = q**2 + 7*q - 2. Calculate w(-9).
16
Let l(a) = -5*a**2 + 30*a + 1. Calculate l(6).
1
Let s(v) = 9*v - 7. Determine s(7).
56
Let d(u) = u + 26. What is d(-19)?
7
Let x(y) = -y**2 - 9*y - 18. Determine x(-11).
-40
Let m(i) = 16*i**2 + i. What is m(-1)?
15
Let f(r) = 6*r**2 + 15*r. Determine f(-3).
9
Let i(n) = n**3 - 16*n**2 + 16*n - 16. Calculate i(15).
-1
Let l(u) = u**3 + 5*u**2 - 7*u - 1. What is l(-6)?
5
Let t(j) = -j**3 + 22*j**2 - 23*j + 16. Determine t(21).
-26
Let b(u) = u**2 - 10*u - 3. Determine b(10).
-3
Let n(l) = l**2 + 19*l + 22. What is n(-14)?
-48
Let b(c) = -c**3 + 10*c**2 + 5*c + 6. Calculate b(10).
56
Let o(r) = -r**2 - 23*r - 118. What is o(-16)?
-6
Let y(w) = 7*w + 29. Calculate y(-15).
-76
Let g(z) = z**3 - 5*z**2 + 7*z - 1. What is g(3)?
2
Let u(d) = d**3 - 3*d**2 - 10*d - 3. Calculate u(5).
-3
Let f(i) = 2*i - 41. Determine f(12).
-17
Let o(z) = 14*z - 19. Determine o(1).
-5
Let k(f) = 38*f - 184. Calculate k(5).
6
Let j(q) = q**3 + 28*q**2 + 38*q + 297. Determine j(-27).
0
Let t(y) = y**2 - 10*y + 14. Calculate t(0).
14
Let b(o) = o**2 - o - 1. What is b(8)?
55
Let w(l) = -l**2 + 6*l - 4. What is w(6)?
-4
Let k(d) = 4*d**2 + d + 4. What is k(-3)?
37
Let u(d) = -d**2 + 5*d + 8. Give u(-2).
-6
Let y(p) = 11*p - 56. What is y(11)?
65
Let s(d) = 2*d**2 - 15*d - 6. Give s(0).
-6
Let d(y) = -y**2 + y + 15. Calculate d(4).
3
Let a(j) = -3*j - 21. What is a(-9)?
6
Let f(j) = 2*j - 44. Calculate f(20).
-4
Let w(i) = -i - 16. Give w(-10).
-6
Let d(q) = -q**2 - 11*q - 6. What is d(-13)?
-32
Let u(d) = 4*d**2 - 36*d - 2. Give u(11).
86
Let y(p) = 9*p + 44. What is y(-5)?
-1
Let g(i) = i**3 + 26*i**2 + 67*i - 7. What is g(-3)?
-1
Let c(u) = -38*u**2 + u - 1. Calculate c(1).
-38
Let z(k) = 25*k**3 + k - 2. What is z(1)?
24
Let j(w) = 2*w - 9. Give j(7).
5
Let n(s) = 3*s**2 + 30*s + 56. Give n(-8).
8
Let p(w) = 4*w**2 - 12*w + 1. Give p(5).
41
Let t(b) = b**2 - 77*b + 294. Give t(73).
2
Let z(q) = 3*q**2 - 156*q + 23. Give z(52).
23
Let r(k) = k**3 - 2*k**2 - 10*k + 18. Give r(4).
10
Let b(i) = 7*i + 3. Give b(-3).
-18
Let b(d) = 2*d**2 + 6*d - 5. Determine b(-6).
31
Let f(k) = 2*k - 9. What is f(-8)?
-25
Let m(f) = f**3 - 2*f**2 + f + 31. Calculate m(0).
31
Let k(w) = 22*w**2 - 69*w + 4. Give k(3).
-5
Let z(h) = 2*h**2 + 20*h - 6. What is z(-9)?
-24
Let r(n) = -7*n - 22. Calculate r(-3).
-1
Let s(c) = c**3 - c**2 + 2*c. Determine s(2).
8
Let s(w) = -2*w**2 - 9*w + 14. What is s(-6)?
-4
Let h(k) = -4*k**2 - 8*k + 16. What is h(-3)?
4
Let q(u) = -2*u**2 - 18*u + 12. Give q(-12).
-60
Let r(y) = -2*y**2 + 22*y - 8. What is r(11)?
-8
Let v(a) = -a**3 - 5*a**2 + 3*a + 19. What is v(-5)?
4
Let n(z) = 3*z - 75. What is n(25)?
0
Let r(l) = l**2 + 10*l + 25. Determine r(-5).
0
Let y(w) = -w**2 + 6*w - 10. Determine y(8).
-26
Let x(v) = v**3 - 8*v**2 + 5*v - 4. Give x(6).
-46
Let v(d) = -d**3 - 33*d**2 - 34*d - 68. What is v(-32)?
-4
Let k(n) = n**3 + 5*n**2 - 4*n - 3. Give k(3).
57
Let y(d) = -2*d + 7. Give y(13).
-19
Let s(f) = -2*f**3 + f**2 + 7*f + 9. Determine s(-2).
15
Let q(g) = -g**3 - 6*g**2 + 11*g - 10. What is q(-8)?
30
Let s(b) = -2*b**3 + b**2 - 3*b + 4. Calculate s(-3).
76
Let w(p) = -p**3 + 14*p**2 + 17*p + 38. Determine w(15).
68
Let t(z) = -z**2 - 5*z + 14. What is t(-9)?
-22
Let l(c) = -2*c**2 - 9*c - 35. Calculate l(-4).
-31
Let v(u) = u**3 - 4*u**2 + 2*u + 7. Give v(3).
4
Let b(f) = -f + 6. Give b(-6).
12
Let g(u) = 3*u**2 + 4*u + 3. What is g(-3)?
18
Let s(u) = u**3 - 9*u**2 + 19*u - 5. Determine s(5).
-10
Let x(c) = -46*c + 1432. Give x(31).
6
Let k(t) = t**3 - 30*t**2 + 29*t + 16. Give k(29).
16
Let n(l) = l**3 - 10*l**2 - 18*l + 281. Determine n(8).
9
Let p(o) = -o**2 - 14*o - 1. Calculate p(-9).
44
Let a(u) = -3*u + 13. Determine a(12).
-23
Let a(o) = -4*o - 8. Give a(-4).
8
Let p(o) = -5*o - 10. Determine p(-7).
25
Let f(r) = -r - 19. Calculate f(-15).
-4
Let r(o) = -7*o**3 + 21*o**2 - 2*o - 4. What is r(3)?
-10
Let p(u) = -u**3 + 8*u**2 - 2*u + 5. Calculate p(8).
-11
Let k(t) = t**3 + 7*t**2 + 7*t - 12. Determine k(-4).
8
Let g(p) = p**2 - 2*p + 2. Determine g(1).
1
Let y(w) = -2*w**2 + 17*w + 14. Determine y(9).
5
Let b(k) = -9*k - 19. Determine b(-3).
8
Let s(i) = -i**3 - 39*i**2 + 40*i - 3. Determine s(-40).
-3
Let b(x) = -x**3 - 11*x**2 - 11*x - 5. What is b(-10)?
5
Let i(g) = g**3 - 6*g**2 + 19*g - 24. Calculate i(6).
90
Let d(n) = -n - 7. Calculate d(-5).
-2
Let x(b) = b**3 + 6*b**2 + 7*b + 19. Calculate x(-7).
-79
Let f(c) = c**3 + 3*c**2 + c + 3. Determine f(-2).
5
Let p(v) = -v**3 + v**2 - v + 4. What is p(0)?
4
Let a(y) = 4*y**2 - 4*y - 6. Calculate a(4).
42
Let k(v) = -v**3 + 10. What is k(0)?
10
Let g(q) = -q**3 + 7*q**2 + 60*q - 12. Calculate g(12).
-12
Let w(s) = -2*s**2 - 5*s - 11. What is w(-4)?
-23
Let q(o) = -4*o**2 + 2*o + 2. Determine q(-1).
-4
Let f(b) = 2*b**2 + 3*b + 2. Calculate f(-2).
4
Let u(l) = l**3 + 6*l**2 + 5*l + 12. Give u(-4).
24
Let v(u) = -14*u**2 - 5*u + 5. What is v(2)?
-61
Let i(c) = -20*c**3 - c**2 + c. Determine i(1).
-20
Let v(a) = -12*a. Give v(-1).
12
Let j(d) = -2*d**2 - 34*d - 11. Calculate j(-17).
-11
Let h(p) = -65*p - 259. What is h(-4)?
1
Let i(l) = -l**3 - 2*l**2 + 4*l - 11. What is i(0)?
-11
Let h(y) = 5*y - 90. Determine h(17).
-5
Let g(p) = -p**2 + p + 8. Determine g(3).
2
Let b(t) = 27*t**2 - t. Give b(1).
26
Let f(g) = 4*g**2 + 50*g - 35. Calculate f(-13).
-9
Let u(x) = x**3 + 5*x**2 - 6*x + 12. What is u(-7)?
-44
Let s(y) = y**3 + 26*y**2 - 6*y - 172. What is s(-26)?
-16
Let n(u) = -u**3 + 13*u**2 + 2*u - 1. Give n(13).
25
Let r(s) = s**3 - 9*s**2 - 110*s - 28. Give r(16).
4
Let h(b) = b**2 + 32*b + 231. Determine h(-19).
-16
Let a(b) = 2*b**2 + 10*b + 11. Give a(-6).
23
Let l(a) = a**3 - 5*a**2 + 4*a + 5. Determine l(3).
-1
Let m(n) = -n**3 + 10*n**2 + 7*n - 15. Determine m(11).
-59
Let o(w) = -2*w**2 + 5. What is o(4)?
-27
Let j(s) = -s**3 + 13*s**2 - 8*s - 1. What is j(12)?
47
Let f(q) = -5*q - 2. Calculate f(2).
-12
Let k(t) = t**3 - 10*t**2 + 9*t - 15. Give k(9).
-15
Let g(i) = -13*i**3 + i**2 - i + 1. Determine g(1).
-12
Let v(h) = 2*h**3 + h**2 - 3*h + 1. What is v(1)?
1
Let h(v) = v**2 + 13*v + 10. Give h(-8).
-30
Let a(i) = -i**3 - 6*i**2 - 5*i - 4. Calculate a(-5).
-4
Let a(h) = h**2 + 19*h - 5. Give a(-11).
-93
Let q(p) = p**2 - p. Determine q(-2).
6
Let s(d) = -3*d + 1. Determine s(-4).
13
Let k(b) = 138*b**3 + b - 1. Determine k(1).
138
Let y(i) = i**2 - 6*i - 10. Give y(8).
6
Let p(z) = z + 3. Give p(-10).
-7
Let v(z) = -39*z + 13. Give v(1).
-26
Let y(o) = -4*o - 5. Calculate y(-5).
15
Let z(d) = 2*d**2 + 2*d - 2. What is z(-3)?
10
Let n(u) = -u**3 + 5*u**2 + 4*u - 30. Determine n(3).
0
Let x(s) = -s**2 - 6*s + 7. Determine x(7).
-84
Let v(i) = i**2 + 8*i - 57. Give v(-13).
8
Let f(t) = 7*t**2 - 9*t - 16. What is f(-3)?
74
Let k(v) = -22*v**2 + 3*v + 2. Give k(-1).
-23
Let l(q) = -q + 2. Determine l(6).
-4
Let s(o) = 5*o + 9. What is s(10)?
59
Let m(l) = 6*l - 190. What is m(28)?
-22
Let x(q) = q**3 + 7*q**2 + 5*q + 7. Determine x(-4).
35
Let i(r) = -r**2 + 11*r - 10. Determine i(12).
-22
Let q(c) = -c**3 - 6*c**2 - 7*c - 6. What is q(-4)?
-10
Let w(s) = -9*s + 5. Determine w(-2).
23
Let q(r) = r**3 - r - 20. Give q(0).
-20
Let n(r) = -r**2 - 7*r + 11. Calculate n(-10).
-19
Let x(s) = -s**3 - s**2 + 5*s - 4. Determine x(1).
-1
Let w(n) = -4*n - 2. What 